
False
Let b be (-7)/((-1 - 3) + 2 - -1). Suppose 2046 = b*z + 289. Is z a composite number?
False
Let v = -104954 + 213405. Is v composite?
True
Let a(f) = -115 - 35 + 925*f - 323. Is a(6) composite?
False
Let j(t) = 26*t**2 + 17*t + 23. Let o be j(-12). Let p = o - 2166. Is p a composite number?
True
Let l(r) be the second derivative of 8*r**4 - 19*r**3/6 + r**2 - 88*r. Is l(-7) composite?
True
Let t(q) = 22*q**2 - 3*q. Let o be t(3). Let i = o + 95. Suppose i + 289 = 3*y. Is y a composite number?
False
Suppose 5*l + 0*k = -5*k + 248575, 5*k + 49727 = l. Is l prime?
False
Suppose 4*t = 4*w - 232, 8*t - 55 = -w + 10*t. Let z = w + -61. Suppose 0 = -5*b + 3*a + 1594, 3*b + 0*a + 5*a - 936 = z. Is b a prime number?
True
Suppose -3*p + 6*x + 127 = 2*x, 3*x - 15 = 0. Suppose p*b = 55*b - 49278. Is b a prime number?
False
Let l(z) be the first derivative of -z**5/20 + 13*z**4/12 - z**3/6 - 11*z**2 - 16*z - 8. Let p(x) be the first derivative of l(x). Is p(9) prime?
True
Let f be 4/(-10)*(-9 - 1). Suppose -a = -l - 4*a + 1803, -2*l + f*a + 3606 = 0. Suppose l = 8*g - 8269. Is g composite?
False
Let r(g) = 110*g**3 + 62*g**2 - 30*g + 203. Is r(11) a prime number?
False
Let d(r) = 50*r + 155. Let h be d(-3). Suppose 0 = -h*c - 6459 + 18914. Is c a prime number?
False
Suppose b + 3*b = -2*c + 338, 5*b - 2*c = 445. Let g = b + -61. Suppose 22*y - g*y = -2796. Is y a composite number?
True
Let i = 57 - 28. Let k(z) = -19 + 64 + 93*z - i*z. Is k(13) prime?
True
Let q = 1726 - 4018. Is (22/4)/((-6)/q) prime?
False
Let g = 305987 + 369090. Is g a prime number?
False
Let s(v) be the first derivative of 65*v**3 + v**2/2 - 7*v + 18. Is s(-4) prime?
True
Suppose 5*t = t + 3*x + 493061, -t = -3*x - 123263. Suppose 29*l = 7*l + t. Is l a composite number?
True
Suppose -5*u - 24 = -2*i, 2*i + 0*i + 5*u + 16 = 0. Suppose -3*p - d + 961 = 0, d = i*p - 0*p - 639. Is (p/6 - 10/30)*1 composite?
False
Suppose 4*s = 20*s - 365392. Is s composite?
True
Is (4 + -10944)/(4 + 660/(-162)) + -7 composite?
True
Suppose -2*g - 27*v = -23*v + 16, -g - 5*v - 23 = 0. Suppose -g*q = n - 112241, -n + 2*q + 0*q + 112221 = 0. Is n composite?
True
Let k = 367 - 363. Is 3 + k + 158/2 a prime number?
False
Let d(b) = -7*b + 2. Let x be d(0). Suppose 0 = x*o - 5 - 3. Suppose 0 = 4*u - o*r - 7172, 3 = -3*r + 9. Is u prime?
False
Let g(m) = 28*m**3 - 3*m**2 - 4*m - 19. Suppose f + 5*u + 2 - 3 = 0, 3*f - 14 = -4*u. Is g(f) a prime number?
True
Suppose 5*w = -2*u + 44403, -117*u + 44388 = -115*u + 2*w. Is u prime?
True
Let i(f) = 6686*f**2 - 401*f + 2387. Is i(6) a prime number?
True
Suppose -3*r = -3*c + 2292, 3*r = 2*c - c - 772. Suppose c = -3*x + 4*b, -5*x = -b + 372 + 906. Let o = 401 + x. Is o a composite number?
True
Let r(v) = 211*v - 45. Let l be (-6)/(5 + -17)*24. Is r(l) a composite number?
True
Let n(g) = g**3 + 3*g**2 - 15*g + 2. Let a be n(-5). Let u(j) = j**3 - 7*j**2 - 80*j + 23. Is u(a) prime?
False
Suppose 28771 - 7231 = 2*r. Suppose 1131 = 3*k - r. Is k a prime number?
True
Let o(g) = -49850*g - 7411. Is o(-27) a prime number?
True
Suppose 203185*z - 203176*z = 4550697. Is z composite?
False
Suppose -1460*v + 1429*v = -3469551. Is v a prime number?
False
Let m = -243 + 333. Suppose 91*p = m*p + 839. Is p composite?
False
Let l = 78408 - 55566. Let t = l - 16171. Is t a prime number?
False
Let x(k) be the third derivative of -3*k**5/4 - 7*k**4/24 - 7*k**3/2 + 6*k**2. Let m be x(-5). Let t = -689 - m. Is t composite?
True
Let f(m) = 882*m**2 - 157*m - 12. Is f(-13) prime?
False
Suppose 5*v - 2*v - 76998 = -10539. Is v composite?
False
Is -2*(-9 + (-54949944)/48) a composite number?
True
Let w(m) = 479*m**2 + m + 1. Let r(g) = 9*g**2 - 2*g - 1. Let h be r(2). Let u = -32 + h. Is w(u) composite?
False
Suppose 0 = h - 1, 3*h - 3 = i + 2*h. Let p(d) = 0*d - 4 + 155*d**2 + 0*d + d. Is p(i) a composite number?
True
Suppose -5*t + 3*t - 1036 = 0. Let f = 191 + t. Is 3/1 + (-1 - f)*1 composite?
True
Let n = 10485609 - 6197068. Is n a composite number?
False
Let h(g) = -63*g**2 - 8*g + 6. Let v be h(1). Is (-114027)/(-9) - (3 - v/(-15)) a prime number?
True
Suppose 8*j + 37 + 91 = 0. Let w be 2/8 - (-36)/j. Is 2*(w/7 + (-23067)/(-154)) a composite number?
True
Let n(z) = 9829*z - 91. Is n(44) composite?
True
Suppose -s - 2*j = 720, 0 = -s - 3*j - 543 - 175. Let z = s + 1053. Is z a prime number?
False
Let v(g) = 4*g**3 + 11*g**2 + 7*g - 4. Let m be v(-12). Let c = 9190 + m. Suppose -c = -16*j + 10*j. Is j a composite number?
True
Let f(j) = -20737*j + 1918. Is f(-13) a composite number?
False
Let y = 17440 - -15053. Is y composite?
True
Suppose -9*k + 28 = -2*k. Is (-114524)/(-40) + k/40*-1 a prime number?
False
Let o = 585118 + -335111. Is o a composite number?
False
Let s(p) = 3*p + 46. Let t be s(-14). Suppose t*r = 5*i + 16, 0 = -2*i - 0*i. Is 1/(r/(3 + 12353)) a composite number?
False
Suppose -11*r = 7*r - 9245421 - 5738733. Is r a composite number?
True
Let x = 61 + -58. Suppose -26 = 5*c - 2*u, 3*u = x*c - 5*c - 18. Is (-192)/3*c + -1 a composite number?
False
Let o = 844025 + -303892. Is o prime?
False
Let d(w) = -w**2 - 26*w - 32. Let s be d(-24). Suppose 7*l - s = 3*l. Suppose 0 = -0*u - l*u + 156. Is u composite?
True
Suppose -1864 = -9*i + 89. Let b = i - -781. Is b a composite number?
True
Let r be -2 + 2 - 55/(-1). Let i = r + -50. Suppose -i*l = -2253 - 3882. Is l a prime number?
False
Suppose 96*d = 75*d + 3561915. Is d a composite number?
True
Let s(q) = 106*q**2 + 6*q + 82. Let z(m) = 107*m**2 + m + 83. Let n(p) = 4*s(p) - 3*z(p). Is n(-8) composite?
True
Let l(a) be the first derivative of -2190*a**2 - 7*a + 22. Is l(-2) a composite number?
False
Let j be (-7)/(-2)*(-3 + (-270)/(-70)). Suppose -j*v - 5*g + 2683 = 0, -g = -0*v - 2*v + 1806. Is v a prime number?
False
Let p be ((-36)/10)/((-16)/20)*-8. Let c be 2/(((-3)/58043)/(p/(-24))). Is c/(-9) + (-2)/9 a composite number?
False
Suppose 3*z = 11*u - 13*u + 50013, -50013 = -3*z + u. Is z composite?
True
Let x(c) = -c**2 + c. Let a(t) = 3*t**2 + 5*t. Let o(h) = a(h) + 2*x(h). Let v be o(-7). Suppose 0 = -v*u - u + 985. Is u composite?
True
Let h be -2 - 0 - 25/(-5). Let q = -1870 - -2634. Suppose -v + q = h*v. Is v a prime number?
True
Suppose 0 = -4*s + 8*s - 56. Suppose -s*d - 108 = -24. Is 12/36 + (-7552)/d prime?
True
Is (-336570726)/(-1530) - (-4)/30 composite?
True
Let g be ((-36)/(-54) - 2/3) + 5963. Let i = g - 336. Is i prime?
False
Suppose -3*v = -5*t + 919361, 3*t + v - 685578 = -133967. Is t a prime number?
True
Suppose -227 = 5*n - 4*f + 3, 3*f = -4*n - 215. Let u = 284 - n. Is u prime?
False
Let j be -15 + 1003 + (3 - 3) + 0. Let t = j - 425. Is t prime?
True
Suppose 2025 = -26*s + 11*s. Let m = s + 138. Suppose 4*f - x = x + 3144, -3154 = -4*f - m*x. Is f a prime number?
True
Is -2 - 1 - (1 + -437949) a prime number?
False
Suppose -5*q + 0*q - 25 = -5*l, -3*q = 3*l - 9. Let n(k) = 7 + 54*k - 60*k + 144*k. Is n(l) prime?
False
Suppose 2*g - 3*g = -315. Suppose -g = -2*l - q, l + 3*q + 2*q = 180. Suppose -l - 3 = -r. Is r prime?
False
Let d(h) be the second derivative of -h**5/20 + 17*h**4/12 - 5*h**3/3 - 13*h**2/2 - 2*h + 6. Is d(12) a composite number?
False
Let s be 2/(-9)*-15 + 5/(-15). Suppose 0 = s*q - q - 6274. Is q a prime number?
True
Let h(w) be the first derivative of w**7/840 + w**6/360 + w**5/120 + w**4/24 - 4*w**3 + 11. Let i(k) be the third derivative of h(k). Is i(6) a prime number?
False
Let w be (-342)/4 + 14/28. Let f = 95 + w. Suppose f*p - 3810 = 4*p. Is p prime?
False
Let u(m) = 11*m - 407. Let q be u(39). Suppose -q*z + 2*z = -391940. Is z prime?
True
Suppose -5*b + 170999 + 1739514 = -2*g, -g = 2*b - 764216. Is b a prime number?
False
Let p(m) = 423*m**3 - m**2 + 15*m - 25. Suppose -5*g = -5*t - 30, 3*g + 9*t + 2 = 7*t. Is p(g) composite?
True
Let v(g) = 1105*g**2 - 12*g + 75. Is v(4) prime?
True
Suppose 4*w + 4*s = 42712, 2*w - 21370 = -1242*s + 1238*s. Is w a composite number?
True
Let m = -36 - -36. Suppose -2*o = -m - 6. Suppose q = -4*s - 36 + 203, 2*s = o*q - 487. Is q a prime number?
True
Let l be 8/(-6) - 189304/6. Let b = l - -44819. Is b a prime number?
True
Suppose -183*o + 12 = -182*o. Is 1/(7 - o - 38916/(-7783)) a prime number?
False
Let c(s) be the third deri